{"id":69,"date":"2023-08-07T14:28:41","date_gmt":"2023-08-07T12:28:41","guid":{"rendered":"https:\/\/passiloin.org\/?page_id=69"},"modified":"2023-12-12T18:36:03","modified_gmt":"2023-12-12T17:36:03","slug":"contact","status":"publish","type":"page","link":"https:\/\/passiloin.org\/index.php\/contact\/","title":{"rendered":"CONTACT"},"content":{"rendered":"\n<h2 class=\"wp-block-heading\">Comment Venir ?<\/h2>\n\n\n\n<p>Tous nos lieux se trouvent dans le quartier des 4 Chemins \u00e0 Pantin, vous pouvez donc venir :<\/p>\n\n\n\n<ul class=\"wp-block-list\">\n<li>en M\u00e9tro 7 : Aubervilliers &#8211; Pantin &#8211; Quatre Chemins &#8211; puis 5 min de marche<\/li>\n\n\n\n<li>en Tram T3b : Porte de la Villette &#8211; puis 10 min de marche<\/li>\n\n\n\n<li>en Bus 170 &amp; 249 : Quatre Chemins &#8211; Edouard Vaillant &#8211; puis 4 min de marche<\/li>\n\n\n\n<li>en RER E : Pantin &#8211; puis 13 min de marche<\/li>\n\n\n\n<li>en Vlib avec les stations : La Poste Pantin 4 Chemins ou La Cantine (rue Cartier Bresson)<\/li>\n\n\n\n<li>en V\u00e9lo : il y a de quoi attacher vos v\u00e9los dans tous nos lieux<\/li>\n<\/ul>\n\n\n\n<p><strong>Nos trois lieux sur Google Maps :<\/strong><\/p>\n\n\n\n<ul class=\"wp-block-list\">\n<li>La Cantine Pas Si Loin-Artagon : <a href=\"https:\/\/goo.gl\/maps\/xfR1QGeMMtToNP5NA\"><u>https:\/\/goo.gl\/maps\/xfR1QGeMMtToNP5NA<\/u><\/a><\/li>\n\n\n\n<li>L\u2019Atelier Pas Si Loin : <a href=\"https:\/\/goo.gl\/maps\/wpxdJPMbiCAgjnsW9\"><u>https:\/\/goo.gl\/maps\/wpxdJPMbiCAgjnsW9<\/u><\/a><\/li>\n\n\n\n<li>Le March\u00e9 : <a href=\"https:\/\/goo.gl\/maps\/utjLo8mi13y2ADr86\"><u>https:\/\/goo.gl\/maps\/utjLo8mi13y2ADr86<\/u><\/a><\/li>\n<\/ul>\n\n\n\n<h2 class=\"wp-block-heading\">Nous Contacter<\/h2>\n\n\n\n<ul class=\"wp-block-list\">\n<li><strong>P\u00f4le cuisine<\/strong><br>Pour toutes les demandes concernant notre P\u00f4le Cuisine, nous recommandons de consulter les onglets \u201cSavourez\u201d (les demandes traiteur sont \u00e0 formuler via la page <a href=\"https:\/\/passiloin.org\/index.php\/traiteur\/\">traiteur<\/a>). Pour d\u2019autres informations je vous invite \u00e0 contacter l\u2019\u00e9quipe restauration\/traiteur, et pour des propositions de partenariats, Antonin.<\/li>\n\n\n\n<li><strong>P\u00f4le programmation<\/strong><br>Pour participer \u00e0 nos activit\u00e9s vous pouvez vous inscrire directement dans l\u2019onglet <a href=\"https:\/\/passiloin.org\/index.php\/agenda\/\">Agenda<\/a>.<br>Vous pouvez proposer un projet\/une activit\u00e9 dans l\u2019onglet <a href=\"https:\/\/passiloin.org\/index.php\/participez\/\">Participez<\/a>.<br>Pour les collaborations, les questions particuli\u00e8res vous pouvez contacter Marion.<\/li>\n\n\n\n<li><strong>P\u00f4le \u201cautonomie dans mon quartier\u201d<\/strong><br>Pour les sujets en lien avec notre projet \u00ab\u202fAutonomie dans mon quartier\u202f\u00bb (activit\u00e9s d\u00e9di\u00e9s aux personnes en perte d\u2019autonomie) vous pouvez contacter Nathalie.<\/li>\n\n\n\n<li><strong>Le bureau de l\u2019association<\/strong><br>Vous pouvez aussi joindre les membres du bureau de l\u2019association<\/li>\n\n\n\n<li><strong>Recrutement \/ Stage \/ Service Civique \/ Candidature spontan\u00e9e<\/strong><br>Vous pouvez nous proposez vos candidatures spontan\u00e9es<\/li>\n<\/ul>\n\n\n\n<h2 class=\"wp-block-heading\">Contacter le Pas Si Loin<\/h2>\n\n\n\n<p><\/p>\n\n\n\n<div class=\"wpcf7 no-js\" id=\"wpcf7-f710-o1\" lang=\"fr-FR\" dir=\"ltr\">\n<div class=\"screen-reader-response\"><p role=\"status\" aria-live=\"polite\" aria-atomic=\"true\"><\/p> <ul><\/ul><\/div>\n<form action=\"\/index.php\/wp-json\/wp\/v2\/pages\/69#wpcf7-f710-o1\" method=\"post\" class=\"wpcf7-form init\" aria-label=\"Formulaire de contact\" novalidate=\"novalidate\" data-status=\"init\">\n<div style=\"display: none;\">\n<input type=\"hidden\" name=\"_wpcf7\" value=\"710\" \/>\n<input type=\"hidden\" name=\"_wpcf7_version\" value=\"5.8.7\" \/>\n<input type=\"hidden\" name=\"_wpcf7_locale\" value=\"fr_FR\" \/>\n<input type=\"hidden\" name=\"_wpcf7_unit_tag\" value=\"wpcf7-f710-o1\" \/>\n<input type=\"hidden\" name=\"_wpcf7_container_post\" value=\"0\" \/>\n<input type=\"hidden\" name=\"_wpcf7_posted_data_hash\" value=\"\" \/>\n<\/div>\n<p><label> Votre nom<br \/>\n<span class=\"wpcf7-form-control-wrap\" data-name=\"your-name\"><input size=\"40\" class=\"wpcf7-form-control wpcf7-text wpcf7-validates-as-required\" autocomplete=\"name\" aria-required=\"true\" aria-invalid=\"false\" value=\"\" type=\"text\" name=\"your-name\" \/><\/span> <\/label>\n<\/p>\n<p><label> Votre e-mail<br \/>\n<span class=\"wpcf7-form-control-wrap\" data-name=\"your-email\"><input size=\"40\" class=\"wpcf7-form-control wpcf7-email wpcf7-validates-as-required wpcf7-text wpcf7-validates-as-email\" autocomplete=\"email\" aria-required=\"true\" aria-invalid=\"false\" value=\"\" type=\"email\" name=\"your-email\" \/><\/span> <\/label>\n<\/p>\n<p><label> Votre message (facultatif)<br \/>\n<span class=\"wpcf7-form-control-wrap\" data-name=\"your-message\"><textarea cols=\"40\" rows=\"10\" class=\"wpcf7-form-control wpcf7-textarea\" aria-invalid=\"false\" name=\"your-message\"><\/textarea><\/span> <\/label>\n<\/p>\n<p><input class=\"wpcf7-form-control wpcf7-submit has-spinner\" type=\"submit\" value=\"Envoyer\" \/>\n<\/p><div class=\"wpcf7-response-output\" aria-hidden=\"true\"><\/div>\n<\/form>\n<\/div>\n\n\n\n\n<h2 class=\"wp-block-heading\">FAQ<\/h2>\n\n\n\n<p>Questions \/ R\u00e9ponses fr\u00e9quentes<\/p>\n\n\n\n<p>Comment proposer un projet\/une activit\u00e9 ?<\/p>\n\n\n\n<p>Tout est indiqu\u00e9 sur cette page \u21d2 page proposez un projet<\/p>\n\n\n\n<p>Comment faire une demande de presta traiteur\/catering ?<\/p>\n\n\n\n<p>Tout est indiqu\u00e9 sur cette page \u21d2 Traiteur<\/p>\n\n\n\n<p>Comment s&rsquo;inscrire \u00e0 la newsletter ?<\/p>\n","protected":false},"excerpt":{"rendered":"<p>Comment Venir ? Tous nos lieux se trouvent dans le quartier des 4 Chemins \u00e0 Pantin, vous pouvez donc venir : Nos trois lieux sur Google Maps : Nous Contacter [&hellip;]<\/p>\n","protected":false},"author":2,"featured_media":0,"parent":0,"menu_order":0,"comment_status":"closed","ping_status":"closed","template":"","meta":{"_EventAllDay":false,"_EventTimezone":"","_EventStartDate":"","_EventEndDate":"","_EventStartDateUTC":"","_EventEndDateUTC":"","_EventShowMap":false,"_EventShowMapLink":false,"_EventURL":"","_EventCost":"","_EventCostDescription":"","_EventCurrencySymbol":"","_EventCurrencyCode":"","_EventCurrencyPosition":"","_EventDateTimeSeparator":"","_EventTimeRangeSeparator":"","_EventOrganizerID":[],"_EventVenueID":[],"_OrganizerEmail":"","_OrganizerPhone":"","_OrganizerWebsite":"","_VenueAddress":"","_VenueCity":"","_VenueCountry":"","_VenueProvince":"","_VenueState":"","_VenueZip":"","_VenuePhone":"","_VenueURL":"","_VenueStateProvince":"","_VenueLat":"","_VenueLng":"","_VenueShowMap":false,"_VenueShowMapLink":false,"footnotes":""},"class_list":["post-69","page","type-page","status-publish","hentry"],"yoast_head":"<!-- This site is optimized with the Yoast SEO plugin v22.0 - https:\/\/yoast.com\/wordpress\/plugins\/seo\/ -->\n<title>CONTACT - PAS-SI-LOIN<\/title>\n<meta name=\"robots\" content=\"index, follow, max-snippet:-1, max-image-preview:large, max-video-preview:-1\" \/>\n<link rel=\"canonical\" href=\"https:\/\/passiloin.org\/index.php\/contact\/\" \/>\n<meta property=\"og:locale\" content=\"fr_FR\" \/>\n<meta property=\"og:type\" content=\"article\" \/>\n<meta property=\"og:title\" content=\"CONTACT - PAS-SI-LOIN\" \/>\n<meta property=\"og:description\" content=\"Comment Venir ? Tous nos lieux se trouvent dans le quartier des 4 Chemins \u00e0 Pantin, vous pouvez donc venir : Nos trois lieux sur Google Maps : Nous Contacter [&hellip;]\" \/>\n<meta property=\"og:url\" content=\"https:\/\/passiloin.org\/index.php\/contact\/\" \/>\n<meta property=\"og:site_name\" content=\"PAS-SI-LOIN\" \/>\n<meta property=\"article:modified_time\" content=\"2023-12-12T17:36:03+00:00\" \/>\n<meta name=\"twitter:card\" content=\"summary_large_image\" \/>\n<meta name=\"twitter:label1\" content=\"Dur\u00e9e de lecture estim\u00e9e\" \/>\n\t<meta name=\"twitter:data1\" content=\"2 minutes\" \/>\n<script type=\"application\/ld+json\" class=\"yoast-schema-graph\">{\"@context\":\"https:\/\/schema.org\",\"@graph\":[{\"@type\":\"WebPage\",\"@id\":\"https:\/\/passiloin.org\/index.php\/contact\/\",\"url\":\"https:\/\/passiloin.org\/index.php\/contact\/\",\"name\":\"CONTACT - PAS-SI-LOIN\",\"isPartOf\":{\"@id\":\"https:\/\/passiloin.org\/#website\"},\"datePublished\":\"2023-08-07T12:28:41+00:00\",\"dateModified\":\"2023-12-12T17:36:03+00:00\",\"breadcrumb\":{\"@id\":\"https:\/\/passiloin.org\/index.php\/contact\/#breadcrumb\"},\"inLanguage\":\"fr-FR\",\"potentialAction\":[{\"@type\":\"ReadAction\",\"target\":[\"https:\/\/passiloin.org\/index.php\/contact\/\"]}]},{\"@type\":\"BreadcrumbList\",\"@id\":\"https:\/\/passiloin.org\/index.php\/contact\/#breadcrumb\",\"itemListElement\":[{\"@type\":\"ListItem\",\"position\":1,\"name\":\"Accueil\",\"item\":\"https:\/\/passiloin.org\/\"},{\"@type\":\"ListItem\",\"position\":2,\"name\":\"CONTACT\"}]},{\"@type\":\"WebSite\",\"@id\":\"https:\/\/passiloin.org\/#website\",\"url\":\"https:\/\/passiloin.org\/\",\"name\":\"PAS-SI-LOIN\",\"description\":\"L&#039;association Pas Si Loin favorise le lien et la mixit\u00e9 sociale par et pour les habitant.e.s du quartier des 4 Chemins \u00e0 Pantin.\",\"publisher\":{\"@id\":\"https:\/\/passiloin.org\/#organization\"},\"potentialAction\":[{\"@type\":\"SearchAction\",\"target\":{\"@type\":\"EntryPoint\",\"urlTemplate\":\"https:\/\/passiloin.org\/?s={search_term_string}\"},\"query-input\":\"required name=search_term_string\"}],\"inLanguage\":\"fr-FR\"},{\"@type\":\"Organization\",\"@id\":\"https:\/\/passiloin.org\/#organization\",\"name\":\"PAS-SI-LOIN\",\"url\":\"https:\/\/passiloin.org\/\",\"logo\":{\"@type\":\"ImageObject\",\"inLanguage\":\"fr-FR\",\"@id\":\"https:\/\/passiloin.org\/#\/schema\/logo\/image\/\",\"url\":\"https:\/\/passiloin.org\/wp-content\/uploads\/2023\/08\/pas_si_loin_logo_principal_banniere.jpg\",\"contentUrl\":\"https:\/\/passiloin.org\/wp-content\/uploads\/2023\/08\/pas_si_loin_logo_principal_banniere.jpg\",\"width\":1055,\"height\":388,\"caption\":\"PAS-SI-LOIN\"},\"image\":{\"@id\":\"https:\/\/passiloin.org\/#\/schema\/logo\/image\/\"}}]}<\/script>\n<!-- \/ Yoast SEO plugin. -->","yoast_head_json":{"title":"CONTACT - PAS-SI-LOIN","robots":{"index":"index","follow":"follow","max-snippet":"max-snippet:-1","max-image-preview":"max-image-preview:large","max-video-preview":"max-video-preview:-1"},"canonical":"https:\/\/passiloin.org\/index.php\/contact\/","og_locale":"fr_FR","og_type":"article","og_title":"CONTACT - PAS-SI-LOIN","og_description":"Comment Venir ? Tous nos lieux se trouvent dans le quartier des 4 Chemins \u00e0 Pantin, vous pouvez donc venir : Nos trois lieux sur Google Maps : Nous Contacter [&hellip;]","og_url":"https:\/\/passiloin.org\/index.php\/contact\/","og_site_name":"PAS-SI-LOIN","article_modified_time":"2023-12-12T17:36:03+00:00","twitter_card":"summary_large_image","twitter_misc":{"Dur\u00e9e de lecture estim\u00e9e":"2 minutes"},"schema":{"@context":"https:\/\/schema.org","@graph":[{"@type":"WebPage","@id":"https:\/\/passiloin.org\/index.php\/contact\/","url":"https:\/\/passiloin.org\/index.php\/contact\/","name":"CONTACT - PAS-SI-LOIN","isPartOf":{"@id":"https:\/\/passiloin.org\/#website"},"datePublished":"2023-08-07T12:28:41+00:00","dateModified":"2023-12-12T17:36:03+00:00","breadcrumb":{"@id":"https:\/\/passiloin.org\/index.php\/contact\/#breadcrumb"},"inLanguage":"fr-FR","potentialAction":[{"@type":"ReadAction","target":["https:\/\/passiloin.org\/index.php\/contact\/"]}]},{"@type":"BreadcrumbList","@id":"https:\/\/passiloin.org\/index.php\/contact\/#breadcrumb","itemListElement":[{"@type":"ListItem","position":1,"name":"Accueil","item":"https:\/\/passiloin.org\/"},{"@type":"ListItem","position":2,"name":"CONTACT"}]},{"@type":"WebSite","@id":"https:\/\/passiloin.org\/#website","url":"https:\/\/passiloin.org\/","name":"PAS-SI-LOIN","description":"L&#039;association Pas Si Loin favorise le lien et la mixit\u00e9 sociale par et pour les habitant.e.s du quartier des 4 Chemins \u00e0 Pantin.","publisher":{"@id":"https:\/\/passiloin.org\/#organization"},"potentialAction":[{"@type":"SearchAction","target":{"@type":"EntryPoint","urlTemplate":"https:\/\/passiloin.org\/?s={search_term_string}"},"query-input":"required name=search_term_string"}],"inLanguage":"fr-FR"},{"@type":"Organization","@id":"https:\/\/passiloin.org\/#organization","name":"PAS-SI-LOIN","url":"https:\/\/passiloin.org\/","logo":{"@type":"ImageObject","inLanguage":"fr-FR","@id":"https:\/\/passiloin.org\/#\/schema\/logo\/image\/","url":"https:\/\/passiloin.org\/wp-content\/uploads\/2023\/08\/pas_si_loin_logo_principal_banniere.jpg","contentUrl":"https:\/\/passiloin.org\/wp-content\/uploads\/2023\/08\/pas_si_loin_logo_principal_banniere.jpg","width":1055,"height":388,"caption":"PAS-SI-LOIN"},"image":{"@id":"https:\/\/passiloin.org\/#\/schema\/logo\/image\/"}}]}},"_links":{"self":[{"href":"https:\/\/passiloin.org\/index.php\/wp-json\/wp\/v2\/pages\/69","targetHints":{"allow":["GET"]}}],"collection":[{"href":"https:\/\/passiloin.org\/index.php\/wp-json\/wp\/v2\/pages"}],"about":[{"href":"https:\/\/passiloin.org\/index.php\/wp-json\/wp\/v2\/types\/page"}],"author":[{"embeddable":true,"href":"https:\/\/passiloin.org\/index.php\/wp-json\/wp\/v2\/users\/2"}],"replies":[{"embeddable":true,"href":"https:\/\/passiloin.org\/index.php\/wp-json\/wp\/v2\/comments?post=69"}],"version-history":[{"count":14,"href":"https:\/\/passiloin.org\/index.php\/wp-json\/wp\/v2\/pages\/69\/revisions"}],"predecessor-version":[{"id":718,"href":"https:\/\/passiloin.org\/index.php\/wp-json\/wp\/v2\/pages\/69\/revisions\/718"}],"wp:attachment":[{"href":"https:\/\/passiloin.org\/index.php\/wp-json\/wp\/v2\/media?parent=69"}],"curies":[{"name":"wp","href":"https:\/\/api.w.org\/{rel}","templated":true}]}}